e 9.
3306
Convert 5b6 (base 16) to base 5.
21322
What is -178 (base 11) in base 3?
-21122
Convert -2341 (base 5) to base 2.
-101011010
-6153 (base 7) to base 16
-861
46267 (base 10) to base 12
22937
Convert -26840 (base 11) to base 14.
-dd44
-112036 (base 8) to base 5
-2203133
What is -350 (base 6) in base 15?
-93
-1507 (base 14) to base 4
-322103
What is 1758 (base 9) in base 7?
3635
What is 352 (base 6) in base 4?
2030
Convert 114330 (base 5) to base 8.
10364
What is 1235 (base 7) in base 13?
29c
11101001 (base 2) to base 13
14c
-1210111 (base 3) to base 2
-10100011101
What is -531 (base 15) in base 7?
-3262
What is -31404 (base 9) in base 3?
-1001110011
What is 265351 (base 8) in base 6?
1554041
What is 110 (base 10) in base 5?
420
What is -7964 (base 12) in base 3?
-200110211
Convert -451 (base 6) to base 16.
-af
Convert -147 (base 16) to base 11.
-278
Convert 12110211 (base 3) to base 11.
2aa9
Convert -276 (base 13) to base 9.
-533
What is -297 (base 13) in base 10?
-462
-281 (base 9) to base 7
-454
-9b3 (base 12) to base 14
-743
-124 (base 11) to base 13
-b4
Convert -3310 (base 13) to base 11.
-5385
What is -aa03 (base 15) in base 9?
-54343
Convert 1221 (base 4) to base 9.
126
What is -53561 (base 7) in base 12?
-7862
Convert -44416 (base 7) to base 15.
-34aa
What is 36476 (base 12) in base 3?
10201110200
-1142031 (base 5) to base 13
-9a41
Convert 70615 (base 9) to base 7.
252233
Convert 14143 (base 5) to base 8.
2225
131002 (base 4) to base 12
10aa
Convert -110011100 (base 2) to base 7.
-1126
What is 29689 (base 11) in base 6?
522500
Convert 35d (base 14) to base 7.
1646
21054 (base 6) to base 16
b1a
What is -156b6 (base 12) in base 6?
-352350
Convert 4809 (base 10) to base 11.
3682
What is 1010154 (base 6) in base 10?
48022
Convert -101101000 (base 2) to base 13.
-219
-2585 (base 11) to base 7
-12540
Convert -26988 (base 10) to base 12.
-13750
Convert 2033 (base 7) to base 12.
4b2
What is 45514 (base 7) in base 15?
366a
What is -10100100100110 (base 2) in base 12?
-611a
Convert 342000 (base 5) to base 9.
17562
What is -110000001110000 (base 2) in base 14?
-8dd6
Convert -322b (base 12) to base 15.
-1972
4 (base 15) to base 7
4
Convert 234054 (base 6) to base 11.
1430a
-76 (base 16) to base 12
-9a
What is -ad45 (base 15) in base 9?
-55352
What is -31b3 (base 16) in base 14?
-48cb
Convert 12112 (base 11) to base 5.
1024222
What is 1064 (base 9) in base 5?
11122
What is 9039 (base 12) in base 4?
3303231
What is -280a (base 12) in base 13?
-2143
-22ac (base 16) to base 5
-241001
What is 539 (base 15) in base 5?
14204
Convert -1451 (base 8) to base 4.
-30221
Convert 122221 (base 3) to base 15.
224
Convert -16541 (base 8) to base 4.
-1311201
Convert 2047 (base 11) to base 10.
2713
Convert -417 (base 10) to base 15.
-1cc
Convert -25254 (base 8) to base 14.
-3da4
Convert -1276 (base 11) to base 5.
-23111
-12213 (base 5) to base 4
-32211
What is 1529 (base 13) in base 3?
11012222
Convert -1559 (base 11) to base 9.
-2662
-1001120 (base 3) to base 16
-303
Convert 13554 (base 6) to base 13.
ca0
What is 36d (base 15) in base 6?
3334
1707 (base 8) to base 3
1022211
What is 955 (base 10) in base 5?
12310
Convert 17d9 (base 14) to base 6.
31535
Convert 11202 (base 5) to base 8.
1442
What is 1310233 (base 5) in base 8?
62135
Convert 1101001010111011 (base 2) to base 6.
1053431
Convert 933 (base 10) to base 3.
1021120
Convert -21124 (base 6) to base 5.
-42420
-28267 (base 9) to base 14
-6dbb
What is 1000001012 (base 3) in base 2?
100110100000011
What is -30313 (base 4) in base 5?
-11243
Convert -2120 (base 4) to base 9.
-178
What is 11011111101001 (base 2) in base 15?
4393
Convert -1a73 (base 12) to base 8.
-6267
What is 110111001010000 (base 2) in base 11?
1a243
1515 (base 15) to base 11
343a
8ead (base 16) to base 13
13818
Convert -100010000001 (base 2) to base 8.
-4201
6704 (base 12) to base 14
420c
What is 21020 (base 3) in base 10?
195
What is 1a48 (base 13) in base 4?
331223
-3456 (base 10) to base 8
-6600
Convert -264 (base 13) to base 9.
-516
Convert -107 (base 16) to base 3.
-100202
Convert 210312 (base 5) to base 16.
1b2d
Convert -84b (base 14) to base 11.
-1257
Convert 214220 (base 5) to base 10.
7435
What is 7b04 (base 12) in base 8?
32564
What is 3187 (base 10) in base 6?
22431
What is -6d (base 14) in base 8?
-141
What is 431 (base 15) in base 12?
66a
What is 5316 (base 7) in base 16?
753
3918 (base 10) to base 2
111101001110
Convert -434 (base 7) to base 12.
-165
Convert -12222200 (base 3) to base 13.
-1caa
Convert 10001000111 (base 2) to base 3.
1111120
20000 (base 3) to base 4
2202
What is 10132 (base 5) in base 9?
821
Convert 11001001001100 (base 2) to base 5.
403001
Convert 11b09 (base 14) to base 11.
2a607
-206b (base 14) to base 7
-22164
2330022 (base 4) to base 3
121112000
-121463 (base 7) to base 4
-11122301
What is 585 (base 14) in base 3?
1111122
What is -232110 (base 4) in base 2?
-101110010100
Convert 1138 (base 13) to base 6.
15101
-9a08 (base 13) to base 6
-243223
-54152 (base 6) to base 10
-7412
Convert -1053 (base 8) to base 13.
-339
What is 376 (base 8) in base 13?
167
-4048 (base 11) to base 3
-21101010
13bb (base 12) to base 6
14355
Convert -541002 (base 6) to base 16.
-acfa
What is 10324 (base 5) in base 12?
4b6
What is -18780 (base 10) in base 5?
-1100110
What is 1000120 (base 3) in base 13?
453
1221113 (base 4) to base 9
10222
Convert -1313431 (base 5) to base 9.
-38737
-10110100110101 (base 2) to base 14
-4309
1312 (base 4) to base 10
118
What is -21033 (base 9) in base 7?
-55320
What is 1134322 (base 5) in base 10?
21212
What is 3 (base 12) in base 10?
3
Convert -6 (base 14) to base 8.
-6
Convert -624 (base 7) to base 9.
-376
What is 3002013 (base 4) in base 2?
11000010000111
Convert -367 (base 16) to base 13.
-520
9204 (base 11) to base 13
5745
Convert 23010312 (base 4) to base 9.
68206
Convert -848 (base 9) to base 12.
-498
1222 (base 6) to base 13
1a3
Convert 127 (base 16) to base 13.
199
Convert -44543 (base 8) to base 12.
-aa57
-cb (base 16) to base 12
-14b
223 (base 11) to base 5
2032
Convert 212001 (base 3) to base 6.
2514
Convert -66d8 (base 16) to base 3.
-1100010010
-330344 (base 6) to base 5
-1333402
What is -4492 (base 12) in base 11?
-5788
What is 7468 (base 10) in base 12?
43a4
Convert 100000000101110 (base 2) to base 12.
9612
What is -110000200 (base 3) in base 12?
-50a6
-20212 (base 4) to base 5
-4200
What is -543 (base 8) in base 6?
-1351
31909 (base 11) to base 7
252065
13565 (base 8) to base 15
1ba5
-6027 (base 10) to base 7
-23400
Convert 75737 (base 8) to base 9.
47444
What is 1101100011000 (base 2) in base 9?
10456
-101010000111 (base 2) to base 8
-5207
1362 (base 8) to base 9
1027
Convert 1325 (base 7) to base 13.
302
1001011001110111 (base 2) to base 3
1221211122
Convert 205533 (base 7) to base 6.
432450
What is -1000000101001001 (base 2) in base 11?
-22959
Convert -2525 (base 12) to base 14.
-1765
1000010110110111 (base 2) to base 12
17987
Convert 3bab (base 12) to base 8.
15363
Convert 150 (base 7) to base 9.
103
Convert 502141 (base 6) to base 14.
104c5
What is 22540 (base 6) in base 5?
100403
-627 (base 9) to base 13
-304
What is 11724 (base 8) in base 7?
20541
Convert 10101110100011 (base 2) to base 16.
2ba3
-4bb3 (base 13) to base 9
-15722
Convert 10110101011001 (base 2) to base 7.
45563
What is -211222 (base 6) in base 13?
-7a63
479 (base 12) to base 14
35b
2584 (base 9) to base 8
3623
Convert 314361 (base 7) to base 3.
2202121020
22230033 (base 4) to base 6
534423
-133011 (base 4) to base 5
-30424
Convert 3ce (base 16) to base 11.
806
What is 117b6 (base 12) in base 13?
a992
Convert 1889 (base 10) to base 6.
12425
What is 4634 (base 8) in base 12?
1510
-3162 (base 7) to base 13
-684
What is -24198 (base 10) in base 15?
-7283
24043 (base 7) to base 9
8454
240 (base 13) to base 11
325
Convert -98 (base 14) to base 11.
-112
Convert -35626 (base 7) to base 16.
-2410
4513 (base 8) to base 4
211023
Convert 1574 (base 11) to base 6.
13201
Convert 350 (base 7) to base 3.
20202
Convert 454 (base 7) to base 10.
235
What is 2311 (base 6) in base 16?
223
Convert 8de7 (base 15) to base 13.
10948
-795 (base 10) to base 12
-563
What is 218 (base 9) in base 4?
2303
Convert 11317 (base 8) to base